e -2*u - 91 = -5*u + l, -4*l - 124 = -w*u. What are the prime factors of u?
2, 3, 5
Let l = 404 + 353. What are the prime factors of l?
757
Suppose -138 = v - 3*v. Let x = v + 29. What are the prime factors of x?
2, 7
Suppose 2*m - 4*z + 28 = -0, 3*z = 15. What are the prime factors of 2/m*-3*3222/27?
179
Let o(t) = -244*t**3 - t - 1. Let m be o(-1). Suppose 0 = -4*i + 3*x + 240, 4*i + 4 = 2*x + m. List the prime factors of i.
2, 3, 5
Suppose 53 = -4*f + 65. List the prime factors of -2*(f/(-15) + (-639)/30).
43
Let i = -401 + 33. Let b = -88 - i. What are the prime factors of b?
2, 5, 7
Let r = 1468 + -807. List the prime factors of r.
661
Let o = 7 - 5. Let i be (3/2)/(-3)*-42. Suppose 2*g + 4 = -o*c + 16, 2*c = g - i. List the prime factors of g.
11
Let b(f) = 7 - 7 + f - 2*f + 11. Let y = 18 + -10. List the prime factors of b(y).
3
List the prime factors of 124/6 + 12/(-18).
2, 5
Let l = 470 - 217. What are the prime factors of l?
11, 23
Suppose -10*w + 3*w + 3066 = 0. List the prime factors of (3/6)/(-1 + 439/w).
3, 73
Let x(r) = -r**3 - 18*r**2 - 2*r - 25. What are the prime factors of x(-19)?
2, 11, 17
Suppose 69 = t - 738. What are the prime factors of t?
3, 269
Suppose 133 = 2*o - 2207. List the prime factors of o.
2, 3, 5, 13
List the prime factors of 0/(5 + -11) + 686.
2, 7
Let f(c) = 10*c**2 - 44*c - 4. List the prime factors of f(7).
2, 89
Suppose -60 = 12*r + 3*r. List the prime factors of (r - (-95 + -2)) + 0/2.
3, 31
Suppose 3*l + 135 = 1308. List the prime factors of l.
17, 23
Let x = 1012 - 475. List the prime factors of x.
3, 179
List the prime factors of (-1)/4*-9410*(-12)/(-10).
3, 941
Let v = -1910 + 3567. List the prime factors of v.
1657
Let i be 17*1 + 6 + -10. Let h = i + 48. What are the prime factors of h?
61
Let o(i) be the third derivative of i**6/120 + i**5/6 - 25*i**4/24 + 8*i**3/3 + 8*i**2. What are the prime factors of o(-12)?
2, 7
Suppose 2*r - 150012 = -34*r. What are the prime factors of r?
3, 463
What are the prime factors of 66852/30 - 30/75?
2, 557
Let b = 8 - -53. Suppose b + 499 = 2*f + 3*l, -3*f = l - 826. List the prime factors of f.
2, 137
List the prime factors of -4*(2 + (-711)/12).
229
Let o = -1874 + 2293. What are the prime factors of o?
419
Let b = -86 + 654. What are the prime factors of b?
2, 71
Suppose 0*z = 3*l + 4*z - 2434, 5*l - 4052 = -2*z. Suppose 8*p = 13*p - l. List the prime factors of p/8 - (-3)/4.
3, 7
List the prime factors of 6/(-12) - (1 - 483/2).
2, 3, 5
Suppose 4*l - 52 = -v - 3*v, -3*l = -4*v + 38. Suppose 0 = 4*k + v - 3. What are the prime factors of -2*(-6 - (k - 0))?
2
Suppose -7*g + 363 = -4*g. Suppose 3*p + 40 - g = 0. List the prime factors of p.
3
Let z(c) = 2602*c**2 - 2*c + 3. What are the prime factors of z(1)?
19, 137
Let n(h) = -2*h**2 + 13 - 7*h**2 - h**3 + 8*h**2. What are the prime factors of n(-5)?
113
Suppose -3*n = q - 9, -2*q - 5*n = -0*n - 14. Let p be 58 + q/(-12)*4. Let j = -24 + p. List the prime factors of j.
5, 7
Let z be 2 + (6 - 2)/4. Suppose -s - 283 = -2*t, z*t - 4*s - 40 = 397. What are the prime factors of t?
139
Let y(b) = b**2 - 6*b + 3. Let r be -1 - (20/2)/2. Let j be y(r). Suppose 3*v + 0 = j. What are the prime factors of v?
5
List the prime factors of -4 - -3178 - -6 - (2 - -2).
2, 397
List the prime factors of (680/(-51))/(1/(-12)).
2, 5
Suppose 2*y = -2*t + 12, -3*y + 3*t = 4*t - 26. Suppose y*x - 11*x = -74. List the prime factors of x.
2, 37
Let o = -72 + 71. What are the prime factors of (3*2 - o)*(3 + 17)?
2, 5, 7
Let q(h) = 53*h**2 - 1. Suppose -4*c + c + 6 = 0, 7 = 3*l + 2*c. List the prime factors of q(l).
2, 13
Let a = 22 - 19. Let o = a - 63. List the prime factors of (80/o)/((-2)/54).
2, 3
Let o(q) = q**3 + 8*q**2 - 4*q - 3. Let a be o(-8). Suppose -a*c - 27 = -32*c. What are the prime factors of c?
3
Let j(p) = p**2 + 12*p + 6. Let a be j(-11). Let i(q) = q + 5. Let y be i(a). Suppose y = -3*g + 2*g + 16. What are the prime factors of g?
2
Suppose 0 = -4*r + 5*n + 3347, 830 = r + 2*n - n. List the prime factors of r.
7, 17
Suppose -18*i - 4520 = -23*i. Suppose 18*c - 500 - i = 0. List the prime factors of c.
2, 3, 13
Let i be (-26)/(-13)*(1 + 0). Suppose i*p + p + 2*l = 3, p + l = 0. List the prime factors of p.
3
Let z(k) = k**2 + 8*k - 12. Suppose -17*f + 12 = -18*f. What are the prime factors of z(f)?
2, 3
Let t(p) be the first derivative of 5*p**3/3 + 4*p**2 - 11*p + 41. List the prime factors of t(-6).
11
Suppose 3*d - 940 = -5*b, b + 0*d = d + 180. List the prime factors of b.
5, 37
Let f(b) = -b**3 + 28*b**2 - 28*b - 35. What are the prime factors of f(26)?
19, 31
Let f = 3158 + -1823. List the prime factors of f.
3, 5, 89
Let b(r) = 96 - r**2 - 7*r + 9*r + 0*r**2. Let v be b(0). Suppose c = -2*c + v. What are the prime factors of c?
2
Let k be (-1 - 4)/(29/(-29)). Suppose 11 + k = -4*p, -3*z - 5*p + 241 = 0. What are the prime factors of z?
3, 29
Let x = -45 + 66. Suppose -x*w + 17*w = -188. What are the prime factors of w?
47
List the prime factors of (320/(-25))/((-22)/3245).
2, 59
Let u(f) be the third derivative of -65*f**4/24 - f**3/2 - 10*f**2. List the prime factors of u(-1).
2, 31
Suppose -10*v - 156 = -12*v. What are the prime factors of v?
2, 3, 13
Suppose 1974 = 3*i + 10*g - 8*g, g - 3290 = -5*i. What are the prime factors of i?
2, 7, 47
Let z = 324 + -110. Suppose -2*h = 4*v - z, 84 + 14 = 2*v + 4*h. Suppose 0 = -5*s + 3*l + 261, -s = -l - l - v. What are the prime factors of s?
3, 17
Suppose 19*d - 1773 = 16*d. List the prime factors of d.
3, 197
Let v(n) = 369*n**2 + 25*n + 44. List the prime factors of v(-2).
2, 3, 5, 7
Suppose -4*f + 4*o = 126 - 2274, -2709 = -5*f - 3*o. List the prime factors of f.
2, 3, 5
Let j be (91/3)/7*(-10 + 1). What are the prime factors of -2*j/9*9?
2, 3, 13
Let g = 86 + -43. List the prime factors of g.
43
Let x(s) = 8*s**3 + s**2 - 7*s + 9. What are the prime factors of x(4)?
509
List the prime factors of (-20)/5 + 6 - (-5277 + 2).
3, 1759
Let r(j) = j**3 - 7*j**2 + j - 4. Suppose -6 = x - 13. Let l be r(x). Suppose l*o = -4*h + 2, 2*o + 3*o + 3*h - 18 = 0. List the prime factors of o.
2, 3
Suppose 4*n - 5*m = -590 + 3818, 5*n + 3*m = 3998. List the prime factors of n.
2, 401
What are the prime factors of 1422 + -2 + 17 + -12?
3, 5, 19
Let y = -47 + 131. Let b = y + -42. Suppose -4*i - b = -11*i. List the prime factors of i.
2, 3
List the prime factors of (4 - 3)*4675/17.
5, 11
Suppose -18 = -2*x - 8. Suppose -6*s + s + 25 = 0. Suppose b - 14 = 2*a - s, -b = 5*a + x. List the prime factors of b.
5
Let j = 43 - 27. Suppose -21*z + j*z + 495 = 0. What are the prime factors of z?
3, 11
Let k = 5 - 3. Suppose -k*g = g + 5*a + 3, 2*g - 11 = a. Suppose 0 = g*s - s - 63. What are the prime factors of s?
3, 7
Let a be 8 - 5 - (-5 - 2). Let z(i) = i**2 + 3*i - 5. Let m be z(-4). List the prime factors of m - a*2/(-4).
2
Let z = -916 + 1863. List the prime factors of z.
947
What are the prime factors of (25/(-10))/((-1)/2) - -4585?
2, 3, 5, 17
Let q(c) = -c + 4. Let i(k) = -k + 3. Let v(g) = -5*i(g) + 6*q(g). Let w be v(7). Suppose h = u + 3*u - 44, -w*u = h - 16. List the prime factors of u.
2, 5
Let n be (18/(-12))/((-3)/136). Let c = -19 + n. What are the prime factors of c?
7
Let a = 2308 + -907. What are the prime factors of a?
3, 467
List the prime factors of (-1640)/5*135/(-40)*2.
2, 3, 41
Suppose 2*s = -11*s + 247. List the prime factors of (-586)/(-4) - s/38.
2, 73
Suppose 0 = 3*p + 2*w - 6, -3*w + 7 - 16 = 0. Suppose 0*v + 4*v = -3*m + 2, -m = p*v - 6. What are the prime factors of (v - (-6)/1) + 0?
2
Let p(g) = g**3 + 7*g**2 - 41*g + 16. Let b(l) = l**3 + 6*l**2 - 42*l + 16. Let i(o) = 5*b(o) - 6*p(o). List the prime factors of i(-15).
7, 17
Let v be (0 - -3)*(1/(-3) - -1). Suppose -4*p + v*f = 7*f - 59, p = -f + 16. What are the prime factors of p?
3, 7
Suppose -2*r + 77 = -r. Suppose 6*h = 563 - r. List the prime factors of h.
3
Suppose -2*x + 195 = 3*z, 3*x = 3*z - 139 - 41. List the prime factors of z.
3, 7
Suppose 126 = 3*t + 3*i, t - 3*i = 22 + 32. Let w be ((-2)/4)/(1/(-6)). Suppose 3*y - 75 = -5*b - y, -2*y = -w*b + t. List the prime factors of b.
3, 5
Let j(p) = -3*p**2 - 7*p + 1. Let b(t) = -4*t**2 - 7*t. Let v = 0 + 3. Let h(k) = v*j(k) - 2*b(k). List the 